 Let c = -14 + 10. Let r be y(c). Let f(g) = -g**3 - 4*g**2 - 5*g - 3. Is f(r) composite?
False
Let z = -32 + 67. Let i be 74/12 + (-4)/24. Suppose i*c - 3*c - 105 = 2*x, -c = -5*x - z. Is c prime?
False
Suppose 0 = 3*k - 2*k - 1380. Suppose 0 = 7*y - 3*y - k. Suppose -m = 2*m - y. Is m prime?
False
Let x = 325 - 122. Is x a composite number?
True
Let a = 33 - 2. Let m = a + -17. Is m a composite number?
True
Let j(s) = s + 1. Let m(r) = -r. Let h(y) = 2*j(y) - m(y). Let t be h(2). Is (-187)/(-5) + t/(-20) composite?
False
Let l = -3 + 20. Suppose 0 = p + l + 73. Let r = -41 - p. Is r a composite number?
True
Let l = 16 - 26. Is (l/(-2))/(3/33) a composite number?
True
Let m be (-9)/(-2) - (-2)/4. Suppose -m*z = 258 - 1808. Is 1/(z/154 - 2) a prime number?
False
Suppose 3*o + 28 = -20. Let t be ((-12)/o)/((-1)/60). Let k = 8 - t. Is k prime?
True
Let w = 1 - 3. Is ((-41)/(-3) - w)*3 composite?
False
Let a(z) = -10*z - 5. Is a(-7) a prime number?
False
Suppose 2*n - 3*u + 902 = 4*n, 4*u = 5*n - 2209. Is n composite?
True
Let l(o) = -o**3 - 2*o**2 + o. Let y be l(-2). Is -76*(-2 + (-3)/y) prime?
False
Let y(v) = 6*v**2 - 7*v - 7. Is y(-6) a prime number?
True
Let d(b) = 27*b**2 + 7*b - 1. Is d(-6) prime?
True
Suppose 2*d = -6*d + 3048. Is d composite?
True
Let v(x) = -114*x**3 + 14*x**2 - 6*x + 3. Let u(i) = -38*i**3 + 5*i**2 - 2*i + 1. Let j = -5 - -2. Let q(d) = j*v(d) + 8*u(d). Is q(1) composite?
False
Suppose h - 24 = 113. Suppose -4*k - 2*n + h + 7 = 0, n = k - 39. Is k a prime number?
True
Let w(u) = u**3 - 10*u**2 - 1. Let z be w(10). Is (-2 - -1)*(z - 82) prime?
True
Suppose 0 = y - 5*i - 639, -4*y + 5*i + 1258 = -2*y. Suppose -5*p + y = 184. Is p a prime number?
False
Let q = 4 - 3. Let m be (1 - 2)*q + 10. Is (0 - 285/m)*-3 a prime number?
False
Is (0 - -1)*1*(-15529)/(-53) prime?
True
Suppose 18*f - 17*f - 51 = 0. Let y = f - -395. Is y a composite number?
True
Let k(u) = 5*u**3 - 9*u**2 + u. Let r be k(9). Suppose r = 5*n - 5*g, -g + 2*g = 2. Is n a prime number?
True
Suppose 350 = 4*o + 18. Let k be (1/1)/(8/16). Suppose -o + 15 = -k*q. Is q prime?
False
Let t = 3 + 2. Let c(h) = 10*h - 4. Is c(t) a composite number?
True
Let r = -13 + 31. Suppose r = b + 5. Is b a composite number?
False
Let w(u) = 10*u - 2. Let v be w(7). Let g = -35 + v. Is g prime?
False
Suppose -2*k + r + 292 = 0, 5*k = k + 4*r + 588. Let q = 90 + k. Is q composite?
True
Let i = -179 + 262. Is i composite?
False
Let w(q) = -q**3 - q**2 + 3*q + 1. Let b be w(-3). Let a(r) = r**2 - 11*r + 13. Let g be a(b). Suppose -2*o = g*k - 403, -5*k + 341 = 3*o - 263. Is o prime?
False
Let i(p) = 2*p**3 - 7*p**2 + 5*p - 10. Let j(x) = -x + 1. Let f(u) = i(u) + 3*j(u). Is f(6) a composite number?
True
Let m = 1362 - 811. Is m composite?
True
Let i(q) = -q**3 + 4*q**2 + 4*q + 4. Let h = -3 - -5. Let w = h - 5. Is i(w) composite?
True
Let j = 797 + 866. Is j a prime number?
True
Suppose -1184 = -d + 3*o, 4*o - 4784 = 2*d - 6*d. Is d a prime number?
True
Let o(z) be the second derivative of z**5/20 - z**4 + z**3/3 + z**2/2 + 3*z. Is o(12) prime?
False
Suppose y = 4*y - 12. Suppose -3*r - y*p + p = -156, 61 = r + 4*p. Is r composite?
True
Let q(n) = -n**3 + 5*n**2 + 7*n + 2. Is q(5) prime?
True
Let d(v) = -7 - v + 8 - 2*v. Let x be d(-3). Is 14/3 + x/(-15) prime?
False
Is -6518*3/4*4/(-6) a composite number?
False
Suppose 7*k - 2*k + 2*r = 12, 0 = 3*k - 4*r - 2. Suppose 2*h - 4 = 2*o - 12, 0 = k*h - 5*o + 17. Is h/(-3) - 460/(-6) prime?
False
Suppose 0 = 5*l - 2384 + 699. Is l a prime number?
True
Suppose -h = -29 + 6. Suppose 3*g - h + 8 = 0. Suppose 4*t + 5*n - 197 = -0*t, -15 = g*n. Is t a prime number?
True
Suppose 3*z + 471 = 3*s, 3*s - 624 = -s + 5*z. Is s a composite number?
True
Suppose 3*u = -4*r + 264, 58 = 2*r + 5*u - 74. Suppose 2*f + 0*f - 2*q - r = 0, -4*q = f - 43. Is f prime?
False
Let m be (-8)/(-2) + (-2 - -3). Let l = 204 + -95. Suppose -56 - l = -m*r. Is r prime?
False
Let c = 544 - 341. Is c a composite number?
True
Let q(t) = 42*t**2 - 5*t + 1. Is q(2) a composite number?
True
Suppose 2*d = -2*l + 130, 0*d + 250 = 4*l - d. Suppose 0 = f - 22 - l. Is f a composite number?
True
Suppose 4*n + 0*o = -5*o + 504, -593 = -5*n + 3*o. Let m = n + -72. Is m composite?
True
Let j be (-1 - 9)*174/(-15). Let x = -69 + j. Is x a prime number?
True
Let b(r) = -r**2 + 10*r - 9. Let t be b(9). Suppose t = 5*v + 92 - 407. Let l = v + 34. Is l composite?
False
Let l = -72 - -101. Let h = 3 + 15. Let p = l - h. Is p composite?
False
Suppose -95 = -t - 5*z, -2*z = 3*t - 8*t + 556. Let u(p) = -p**2 - 7*p + 2. Let a be u(-7). Suppose -3*w + t = a*w. Is w prime?
False
Suppose 2*y + 3*d = 29, -d + 15 = 3*y - 2*y. Let j = y + -10. Suppose j = w - 25. Is w composite?
False
Suppose -143*k - 10265 = -148*k. Is k a prime number?
True
Let r = 19 + -13. Let z(o) = -5*o + 4*o**2 - 2*o + 0 - 5. Is z(r) a composite number?
False
Suppose 8*q + 15 = 3*q. Let w = 1 - q. Suppose -4*a - 204 = -w*i, -3*i + 0*a + 5*a + 145 = 0. Is i a prime number?
False
Let b(y) = 10*y**2 + 3*y + 4. Let f be b(-4). Suppose 0 = -4*p - 0*p - f. Let r = 73 + p. Is r a composite number?
True
Suppose -3*a = -2*o - 1545, 4*a + a - 2573 = 4*o. Is a composite?
True
Suppose -5*g + 3*t + 112 = 0, -t + 3*t - 25 = -g. Is g composite?
False
Suppose -4*p - 3*l + 146 = 0, -14 = -p + 4*l + 13. Let v = -25 + p. Is v a composite number?
True
Let h = 0 + 4. Suppose h*b = n + 21, 0 = -3*b - n - 9 + 30. Is 0 + (-2)/(b/(-69)) prime?
True
Let c(z) = 33*z**2 + z + 1. Suppose -3*q + 6 = -0*q. Let p be c(q). Let a = p + -96. Is a prime?
False
Let s be 4/(-1) - (1 + -2). Let v = 0 - s. Let d = v - 0. Is d a composite number?
False
Suppose -4*w + 788 = -0*w. Suppose 4*t = 1221 - w. Suppose -4*h = -t - 108. Is h a composite number?
True
Let d be 326/((-1)/(1 - 0)). Let q = d - -1112. Suppose -3*j - 155 - q = -5*y, j = y - 189. Is y composite?
True
Suppose 4*p + 4*f = 219 + 269, -606 = -5*p - 4*f. Is p a composite number?
True
Suppose 2*u = 120 + 198. Is u prime?
False
Let s(t) = -t**2 + 2*t - 1. Let v be s(3). Let x = 1 - v. Suppose -r = -x*r + 132. Is r a composite number?
True
Let c be 10/(-4)*2 - -2. Let a be 1*(-75)/(c + 2). Let g = a + -42. Is g composite?
True
Let z(a) = -9*a + 4 - 3*a + 3*a. Is z(-7) a prime number?
True
Is -4 + 633/(-1 - -2) prime?
False
Suppose l + 247 = 1040. Is l a composite number?
True
Suppose -3*v + 9 = 75. Let g = v - -41. Let d = 2 + g. Is d a prime number?
False
Let f be (-1)/(-2*(-1)/(-4)). Let w(t) = -6*t**2 + 4 - 5 + 5*t**3 + f*t + 3*t**2. Is w(3) composite?
False
Let s be (-27)/12*40/(-3). Suppose 0 = -w - w - s. Is 6/w + 117/5 composite?
False
Let n be 19/3 + (-4)/(-6). Let y = 2 - n. Is (-1 - y)*11/2 a prime number?
False
Suppose 4*w = -j + 2*j - 601, 3*w - 3 = 0. Suppose g + 163 = i, -4*i - 183 = 5*g + j. Let m = g + 317. Is m a composite number?
False
Let j(w) = w**2 - w - 15. Let z be j(0). Let d be -2 - z/3*1. Let s = 12 + d. Is s composite?
True
Let j = 274 + -131. Is j a composite number?
True
Suppose -4*n - 12 = 2*d, -13 = -3*d + 5*n + 13. Suppose -5*c + 3*y + 0*y = 86, d*c + 24 = -4*y. Let f = c + 35. Is f prime?
True
Suppose -5*a - 4 = -4*a. Let s = 1 - a. Suppose -s*u + 136 = -199. Is u a composite number?
False
Suppose 2*s - 403 = -5*p, -2*p + 3*p - 833 = -4*s. Is s prime?
False
Let z(p) be the third derivative of -p**2 - 7/6*p**3 + 0 + 0*p - 1/6*p**4. Is z(-5) prime?
True
Let p(q) = -34*q**3 + 2*q**2 + 2*q + 1. Suppose -2*i + 2 = 4. Is p(i) composite?
True
Let t(r) = -r**3 + 8*r**2 - 5*r + 1. Is t(7) a composite number?
True
Suppose -4*c + 3*c - 2*t - 12 = 0, -40 = 5*c + 5*t. Is (c/6)/(2/(-105)) a prime number?
False
Suppose a = -a + 898. Suppose -2*m + 165 = -a. Is m prime?
True
Let o = -2257 + 3658. Is o a prime number?
False
Let d = 1251 - 754. Is d a prime number?
False
Let v = 8 + -2. Let r(t) be the second derivative of t**4/12 - 2*t**3/3 + 3*t**2/2 + 2*t. Is r(v) a prime number?
False
Suppose 206 = -0*i + 2*i. Is i composite?
False
Is 4/6 + (-7510)/(-30) a prime number?
True
Suppose -l - 2*k = -3*k + 92, l + 4*k + 107 = 0. Let z = l + 184. Is z a composite number?
False
Let a(o) = -60*o**3 - 2*o**2 - 2*o + 1. Let d(r) = -r - 6. Let f be d(-5). Let i(n) = -n**3 - n. Let m(l) = f*a(